vided by 33.
28
What is the remainder when 9497 is divided by 92?
21
Calculate the remainder when 1166 is divided by 284.
30
Calculate the remainder when 14882 is divided by 65.
62
What is the remainder when 35281 is divided by 59?
58
What is the remainder when 173148 is divided by 156?
144
Calculate the remainder when 54751 is divided by 672.
319
Calculate the remainder when 4212 is divided by 4209.
3
What is the remainder when 17891 is divided by 271?
5
What is the remainder when 135454 is divided by 447?
13
Calculate the remainder when 1183 is divided by 1067.
116
Calculate the remainder when 4237 is divided by 1368.
133
Calculate the remainder when 15080 is divided by 32.
8
What is the remainder when 227407 is divided by 10?
7
Calculate the remainder when 16315 is divided by 408.
403
What is the remainder when 30747 is divided by 2210?
2017
Calculate the remainder when 24944 is divided by 567.
563
Calculate the remainder when 12257 is divided by 2009.
203
What is the remainder when 3540 is divided by 122?
2
Calculate the remainder when 1521 is divided by 417.
270
Calculate the remainder when 2159 is divided by 12.
11
Calculate the remainder when 4798 is divided by 26.
14
Calculate the remainder when 89853 is divided by 78.
75
Calculate the remainder when 13190 is divided by 170.
100
What is the remainder when 10516 is divided by 526?
522
What is the remainder when 266531 is divided by 3417?
5
Calculate the remainder when 72177 is divided by 36.
33
Calculate the remainder when 68816 is divided by 203.
202
Calculate the remainder when 30091 is divided by 13.
9
What is the remainder when 4383 is divided by 870?
33
Calculate the remainder when 126194 is divided by 1434.
2
Calculate the remainder when 1167 is divided by 583.
1
Calculate the remainder when 24345 is divided by 253.
57
What is the remainder when 37471 is divided by 18711?
49
Calculate the remainder when 6195 is divided by 531.
354
Calculate the remainder when 2899 is divided by 1101.
697
What is the remainder when 269403 is divided by 104?
43
Calculate the remainder when 13658 is divided by 6819.
20
Calculate the remainder when 648953 is divided by 134.
125
Calculate the remainder when 236 is divided by 207.
29
What is the remainder when 752 is divided by 372?
8
Calculate the remainder when 21040 is divided by 2325.
115
Calculate the remainder when 132019 is divided by 17.
14
Calculate the remainder when 7021 is divided by 1663.
369
What is the remainder when 329459 is divided by 27?
5
Calculate the remainder when 153558 is divided by 17.
14
What is the remainder when 1231 is divided by 1168?
63
What is the remainder when 20739 is divided by 218?
29
What is the remainder when 28726 is divided by 228?
226
Calculate the remainder when 1507967 is divided by 528.
527
Calculate the remainder when 9323 is divided by 2309.
87
What is the remainder when 1861 is divided by 587?
100
Calculate the remainder when 4716 is divided by 198.
162
What is the remainder when 125123 is divided by 485?
478
Calculate the remainder when 1249 is divided by 23.
7
What is the remainder when 11562 is divided by 773?
740
Calculate the remainder when 14824 is divided by 70.
54
Calculate the remainder when 4625 is divided by 1424.
353
What is the remainder when 109207 is divided by 177?
175
What is the remainder when 17040 is divided by 299?
296
Calculate the remainder when 17967 is divided by 13.
1
What is the remainder when 5907 is divided by 2927?
53
Calculate the remainder when 921471 is divided by 109.
94
Calculate the remainder when 53890 is divided by 337.
307
What is the remainder when 20456 is divided by 5112?
8
Calculate the remainder when 4812 is divided by 262.
96
What is the remainder when 5212282 is divided by 221?
218
Calculate the remainder when 153332 is divided by 3832.
52
What is the remainder when 1441 is divided by 129?
22
Calculate the remainder when 335186 is divided by 85.
31
Calculate the remainder when 1564 is divided by 370.
84
Calculate the remainder when 21534 is divided by 909.
627
Calculate the remainder when 21513 is divided by 62.
61
Calculate the remainder when 9276 is divided by 1543.
18
Calculate the remainder when 3739 is divided by 135.
94
What is the remainder when 60298 is divided by 128?
10
What is the remainder when 6112 is divided by 19?
13
Calculate the remainder when 67087 is divided by 22362.
1
Calculate the remainder when 4317 is divided by 46.
39
What is the remainder when 5956 is divided by 332?
312
Calculate the remainder when 62054 is divided by 4432.
6
What is the remainder when 107331 is divided by 188?
171
Calculate the remainder when 436811 is divided by 1023.
1013
What is the remainder when 1202 is divided by 80?
2
Calculate the remainder when 10639 is divided by 98.
55
What is the remainder when 593 is divided by 582?
11
Calculate the remainder when 211434 is divided by 635.
614
What is the remainder when 9802 is divided by 3256?
34
Calculate the remainder when 4928 is divided by 132.
44
What is the remainder when 56205 is divided by 154?
149
Calculate the remainder when 232533 is divided by 23252.
13
What is the remainder when 18257 is divided by 2410?
1387
Calculate the remainder when 2967 is divided by 7.
6
Calculate the remainder when 19633 is divided by 17.
15
Calculate the remainder when 1517 is divided by 70.
47
Calculate the remainder when 18147 is divided by 33.
30
Calculate the remainder when 1207 is divided by 700.
507
What is the remainder when 1728 is divided by 354?
312
Calculate the remainder when 64295 is divided by 1128.
1127
What is the remainder when 14762 is divided by 133?
132
Calculate the remainder when 204107 is divided by 146.
145
What is the remainder when 23732 is divided by 43?
39
What is the remainder when 182120 is divided by 11382?
8
What is the remainder when 109845 is divided by 398?
395
What is the remainder when 42119 is divided by 60?
59
What is the remainder when 8794 is divided by 2887?
133
What is the remainder when 38644 is divided by 13?
8
What is the remainder when 2455 is divided by 147?
103
Calculate the remainder when 52458 is divided by 122.
120
What is the remainder when 3365 is divided by 161?
145
Calculate the remainder when 110041 is divided by 519.
13
Calculate the remainder when 76196 is divided by 254.
250
Calculate the remainder when 9753 is divided by 354.
195
Calculate the remainder when 7598 is divided by 50.
48
What is the remainder when 18483 is divided by 1540?
3
Calculate the remainder when 3054969 is divided by 1527484.
1
What is the remainder when 208701 is divided by 1128?
21
What is the remainder when 77049 is divided by 232?
25
What is the remainder when 1081 is divided by 31?
27
Calculate the remainder when 3201 is divided by 858.
627
What is the remainder when 18829 is divided by 6276?
1
Calculate the remainder when 2397 is divided by 170.
17
Calculate the remainder when 52670 is divided by 49.
44
Calculate the remainder when 58555 is divided by 547.
26
What is the remainder when 1365720 is divided by 136572?
0
What is the remainder when 59177 is divided by 29584?
9
What is the remainder when 68644 is divided by 17?
15
Calculate the remainder when 3742 is divided by 25.
17
What is the remainder when 1356 is divided by 110?
36
Calculate the remainder when 12824 is divided by 1803.
203
Calculate the remainder when 9727 is divided by 51.
37
What is the remainder when 7872 is divided by 20?
12
What is the remainder when 3646 is divided by 1504?
638
Calculate the remainder when 328644 is divided by 395.
4
Calculate the remainder when 17637 is divided by 72.
69
Calculate the remainder when 612717 is divided by 46.
43
What is the remainder when 93063 is divided by 846?
3
Calculate the remainder when 22556 is divided by 7516.
8
What is the remainder when 22325 is divided by 318?
65
What is the remainder when 64890 is divided by 5405?
30
Calculate the remainder when 99464 is divided by 1259.
3
What is the remainder when 2652 is divided by 63?
6
Calculate the remainder when 511 is divided by 40.
31
Calculate the remainder when 2503188 is divided by 530.
528
Calculate the remainder when 27618 is divided by 6903.
6
Calculate the remainder when 197953 is divided by 53.
51
What is the remainder wh